6/120 - 17*a**5/60 + a**4/24 + 13*a**3/6 + 26*a**2 + a - 3. Calculate k(-17).
-4
Let j(h) = -3*h - 103. Suppose -5*z - 12 = -3*c - 78, 5*c = 3*z - 142. Give j(c).
-7
Suppose -38*q + 29*q + 90 = 0. Suppose 5*d - q + 5 = 0. Let y(p) = 25*p**3 - p**2. Give y(d).
24
Let h(t) = 7*t**2 + 1. Let l(x) = -12*x**3 - 36*x**2 + x - 6. Let n(v) = 5*h(v) + l(v). Calculate n(1).
-13
Let k(j) = -6*j + 37. Let f(y) = -63*y**2 - 256*y - 9. Let p be f(-4). Calculate k(p).
-5
Suppose 0 = 3*o - 5*h - 25, -8*h + 3 = o - 11*h. Let c(l) = -8*l - 37 - l**3 + l**2 - 8*l**2 + 14 + o. Let y be ((-3)/4)/(1/8). Give c(y).
4
Let q(n) = 9*n - 1. Let h = 156 + -38. Let r = h - 119. What is q(r)?
-10
Suppose 0 = -4*y + w + 30 + 9, 5*w - 3 = -2*y. Suppose -4*d + y*k = 8*k - 21, -3*k = -4*d + 31. Let b(a) = 5*a - 1. Give b(d).
19
Let h(p) = 5*p**2 + 7*p - 3. Let y(r) be the second derivative of -r**4/3 - 4*r**3/3 + 2*r**2 - 60*r. Let j(z) = 6*h(z) + 5*y(z). What is j(-1)?
10
Let p(v) = -6*v - 1. Let c = 16 - -55. Suppose 70*h = c*h + 3. Calculate p(h).
17
Let x be -11 + (-12)/(24/(-26)). Let p(l) = 2*l**3 - 4*l**2 + 4*l - 11. What is p(x)?
-3
Let l(w) be the second derivative of 1/6*w**3 + 20*w - 1/24*w**4 + 0 - 9/2*w**2. Let y(x) be the first derivative of l(x). Determine y(4).
-3
Let r(b) = 6 + 4*b**3 + 38*b**2 - 8*b**3 - 23*b - 7*b**2 - 22*b**2 + 3*b**3. Calculate r(5).
-9
Let h(w) be the third derivative of w**4/8 + 9*w**3 - 2426*w**2. Give h(-16).
6
Let q(i) = 3*i**2 + 13*i + 33. Let u(j) = -2*j**2 - 6*j - 17. Let r(w) = -3*q(w) - 5*u(w). Let k be (9 + -38 - -30)*(6 + 4). Calculate r(k).
-4
Let p(y) be the third derivative of -243*y**2 + 11/6*y**3 + 0 + 0*y - 1/60*y**5 + 11/24*y**4. Determine p(12).
-1
Suppose 12*b + 258 = 14*b. Let k = b + -127. Let p(s) = -s**k - 2 + 6*s**2 - 1 - 5 - 5*s + s**3. What is p(-6)?
-14
Let k(u) = u**3 + 6*u - 3. Let s(a) = 6*a**3 - a**2 + 31*a - 16. Let p(z) = 11*k(z) - 2*s(z). Let f = 132139 - 132135. Calculate p(f).
-17
Let d(h) = -4*h + 3*h + 3*h - 5*h**2 - 6*h - 1 - h**3. Let y(v) = 2*v**3 + 6*v**2 + 6*v. Let x(r) = 3*d(r) + 2*y(r). Suppose -12 = -n - 3*n. Give x(n).
-3
Let m be (2 + 10 - 5) + (-10)/1. Let b(v) = -v**3 + 3*v**2 + 3*v + 3. Give b(m).
48
Let x be 260/28 + -9 + 24/14. Let j(s) = 8*s + 7*s**x + s**3 + 0 + 32 - 24. Suppose 0 = t + 4*t + 30. What is j(t)?
-4
Let x(z) = 653*z**2 - z**3 - 148*z**2 - 161*z**2 - 95 - 5*z - 167*z**2 - 164*z**2. Calculate x(12).
-11
Let z = -21 + 15. Let o(d) = -d**3 + d + 1. Suppose 5*v = j - 9, -v + 2 = -2*v. Let a(p) = p**3 - 6*p**2 - 3. Let f(k) = j*a(k) - 2*o(k). What is f(z)?
13
Let r = 47 + -44. Suppose -5 - r = -4*x. Let h(z) = -2 - 2*z + 9*z - 14*z**2 - 1 + 15*z**x. What is h(-7)?
-3
Let g(w) be the second derivative of -1/4*w**4 + 1/2*w**2 - 1/20*w**5 + 4*w + 34 + 1/6*w**3. Let v = 5 - 8. What is g(v)?
-2
Suppose 0 = 3*g + 2*a + 1, -2*a = 2*g - g + 7. Suppose 4*k - 7 = 4*p + 57, g*k - 64 = -p. Let f be (2 - k/8)*2. Let j(h) = 5*h. Give j(f).
-5
Let r be (-1)/5 - (5 - (-456)/(-80)). Let w(f) be the second derivative of -7*f + 0 + f**3 - r*f**2. What is w(1)?
5
Let g(u) = u**3 - u**2 + u + 1. Let l(f) = 4*f**3 + 6. Let v(j) = 3*g(j) - l(j). Let d be -10*12/(-20) + -519. Let h = -516 - d. Calculate v(h).
-12
Let j(d) = -d**2 + 6*d - 3. Let b(q) = -3*q - 38. Let l be 920/(-65) + -4*(-3)/78. Let h be b(l). Calculate j(h).
5
Let z(k) = 2*k**3 + 9*k**2 + 11*k + 31. Let l = 18924 + -18928. What is z(l)?
3
Suppose -20 + 25 = 5*v. Let w be -2 + 2*(3/6)/v. Let l(h) = 12*h + 1. Calculate l(w).
-11
Let p(w) be the first derivative of -7*w**2/2 - w - 252. Let r be 16/4*(-3)/(-12). Determine p(r).
-8
Let r = 5007 - 5007. Let o(a) = a - 42. Calculate o(r).
-42
Let v(j) = j**3 - 12*j**2 - 12*j - 1. Let q be 2/12 - (-10)/(-49 + -11). Suppose q = -9*d - 16*d + 325. Calculate v(d).
12
Suppose 3*d - 26 = 5*c, 5*d + 6 = -2*c - 2*c. Let q be 35/10 + 0 + 3/d. Let t(p) be the first derivative of p**4/4 - 4*p**3/3 - 7*p**2/2 + 4*p - 2. Give t(q).
-6
Let v(i) = -3*i + 16. Let z(x) = -4*x + 10. Let p(y) = -3*v(y) + 5*z(y). What is p(-2)?
24
Let b(l) = 8*l - 11. Let j(n) = 102*n + 1849. Let k be j(-18). Calculate b(k).
93
Let q(r) = r**2 - 32*r + 33. Let y be q(31). Let x(s) = -6*s - s**2 - 3 + 12 - 4 + 3*s**y. Determine x(4).
13
Let t(x) = 3*x**2 + 6*x + 6. Let o be t(-1). Let h(a) = -4*a - 31 + 33 + o*a. Suppose 4*y + 2 = 4*i + 22, 4*y - 5 = -i. What is h(y)?
0
Suppose 5 = -q + 6*q. Let f(p) = -43*p**3 + 13*p**2 - 9*p + 7. Let l(n) = 23*n**3 - 7*n**2 + 5*n - 4. Let t(o) = -5*f(o) - 9*l(o). Determine t(q).
7
Let y(p) be the first derivative of -p**3/3 + p**2 + 14*p - 844. What is y(7)?
-21
Let o = -23 - -49. Let f = o - 19. Let v(n) = -3 - 18 + 1 + n + 25. Calculate v(f).
12
Let q(b) be the third derivative of -b**4/6 - 5*b**3/6 + b**2. Let z(t) = -t**2 + 245*t + 1759. Let a be z(-7). Determine q(a).
15
Let z be (2 + (1 - 3))*1. Let c(u) = -3 + 3*u + 11 + z - 2*u. Let s be c(-10). Let h(f) = -f**2 - 4*f - 3. Determine h(s).
1
Let y = -41272 + 41252. Let t(f) = -f - 26. What is t(y)?
-6
Let k(m) = m**2 + 24*m + 48. Let b = -2403 - -2381. Calculate k(b).
4
Let w(z) be the third derivative of -5/6*z**3 + 0*z - 1/24*z**4 + 0 - 79*z**2. Calculate w(-16).
11
Let i(a) = -9*a**2 + 2*a - 3. Let j(s) = -9*s**2 + s - 2. Let t(o) = -2*i(o) + 3*j(o). Let u = -125 - -124. What is t(u)?
-8
Suppose -3*g = -11*g + 5*g. Let r(v) = v**2 + 15 - 8*v**2 - 2*v**2 - 2 - v**3 + g*v**2. What is r(-9)?
13
Let c(f) be the third derivative of -5*f**4/6 + 279*f**3/2 + 3*f**2 - 368. Determine c(42).
-3
Let z(r) = 2*r**3 - r**2 - 2*r - 2. Let j(s) = -9*s**2 - 268*s + 59. Let u be j(-30). Determine z(u).
-3
Let f(s) = 493*s + 3. Let m(q) = 199*q + 2. Let r(w) = 2*f(w) - 5*m(w). Let g be (-9 - -4) + 1/1. Calculate r(g).
32
Let g(t) = -t**3 + 2*t**2 - t. Let o be 12189/85 + (-4)/10. Let j = 146 - o. Determine g(j).
-12
Let k(c) be the second derivative of 3*c + 2*c**2 - 6 + 5/6*c**3. Calculate k(6).
34
Let k(u) = 20*u + 2*u**3 - 9 - 5 - 7 - 41*u - 43*u**2. Let i be k(22). Let h(g) = 18*g**3 + g**2 - g + 1. Give h(i).
19
Let p(g) = -523 - 3*g - 613 + 1155. Determine p(-7).
40
Let a(k) = 3*k**2 - 7*k - 5. Let y(g) = 6*g**2 - 10*g - 15. Let z(m) = -m**2 + 4. Let q(w) = -y(w) - 2*z(w). Let x(h) = 7*a(h) + 5*q(h). Give x(3).
12
Suppose 29*g - 24*g + 5*a = -65, 5*g - 3*a = -9. Let i(m) = m**2 + 14*m + 41. Calculate i(g).
-7
Suppose 3*u - 3*t - 53 = -38, -5*t = -10. Let z(s) = 22*s - 28. Let m(c) = -19*c + 27. Let a(b) = u*m(b) + 6*z(b). What is a(0)?
21
Let m(k) = 4*k - 1. Suppose -3*l = 3*p - 4*p, -p + 1 = -2*l. Let q(r) = 2*r - 4. Let y(n) = l*q(n) - 2*m(n). Calculate y(-1).
4
Let x(p) be the first derivative of -2*p**3/3 + 2*p**2 - 3*p + 649. Give x(2).
-3
Suppose 0 = -10*s + 4*s - 8*s + 224. Let o(y) = 5*y + 15. Determine o(s).
95
Let n(m) = -m**2 - m - 6. Let f be ((-24)/(-18))/4*(-36)/2. Let k(q) = q**2 + 2*q + 7. Let o(c) = f*k(c) - 7*n(c). Determine o(3).
-6
Let v(i) be the second derivative of -i**4/6 - 4*i**3 - 11*i**2/2 + 978*i. Determine v(-12).
-11
Let j(v) be the third derivative of -v**6/60 - v**5/60 + v**4/12 + 2*v**3/3 + 3*v**2 - 43*v + 3. Calculate j(-1).
3
Let l(f) = -f**3 - 4*f**2 - f + 7. Let c be l(-4). Let y(q) = 2*q - 1. Let j(m) = -12*m + 5. Let p(u) = c*y(u) + 2*j(u). What is p(1)?
-3
Suppose 2*v - 2*o + 84 = 0, -2*o + 5 = v + 38. Let u(n) = n + 39. Give u(v).
0
Let t(w) = -3*w - 5069 + w + 0*w + w + 5093. Give t(15).
9
Let y(i) = i**3 - 5*i**2 - 4*i - 4. Suppose -44*t = -46*t + 84. Suppose 13*p = 6*p + t. Give y(p).
8
Suppose -b = -5*a + 2*b + 72, -3*b = 5*a - 48. Let l be (-3)/(a/8*2/2). Let d(f) = 2*f**3 + 2*f**2 + f - 1. Give d(l).
-11
Let h(k) be the first derivative of -k**3/3 - 13*k**2/2 - k - 1383. Give h(-9).
35
Let j(z) be the third derivative of -z**6/120 + z**5/12 + z**4/4 - 3*z**2 + 28*z. Let l be (7/21)/(2/36). Give j(l).
0
Let r = 69 + -67. Let p(l) = 8 + 32*l - l**2 + 2*l**r - 9*l - 12*l. Determine p(-7).
-20
Let o(q) be the first derivative of -q**3/3 + q**2/2 + 139*q - 99. Let x(d) be the first derivative of o(d). Determine x(-2).
5
Let v(t) = -t**3 - 3*t**2 - 11*t + 1. Let r be -5*(-7 + 8) - -2. Calculate v(r).
34
Let w(v) = 8*v - 18. Let x be w(3). Suppose -x*t + 6 = -3*t, 8 = 5*p - t. Let k(s) = -s**2 - 5*s*